{"id":1209,"date":"2018-07-19T17:53:54","date_gmt":"2018-07-19T15:53:54","guid":{"rendered":"http:\/\/www.eurotreff.amj-musik.de\/?post_type=atelierleiter&#038;p=1209"},"modified":"2019-03-26T21:52:19","modified_gmt":"2019-03-26T20:52:19","slug":"basak-dogan","status":"publish","type":"atelierleiter","link":"https:\/\/www.eurotreff-amj.de\/en\/atelierleiter\/basak-dogan\/","title":{"rendered":"Ba\u015fak Do\u011fan"},"content":{"rendered":"<p>After finishing her master in Philosophy of Music at Bo\u011fazi\u00e7i University in Istanbul, she is currently reading for her second master\u2019s degree in Rhythmic Choral Conducting at the Royal Academy of Music, Denmark. Here she combined her passion for pop &amp; jazz music with her deep interest in folk music and created a unique way of leading choirs. As a versatile conductor she appears at numerous choral events, leading singers from all age groups. She won many prizes globally while conducting the Bo\u011fazi\u00e7i University Jazz Choir. Her enthusiasm for expressing her own cultural background in music and for bringing the choral world together made her known as a pioneer of rhythmic choral music. Today she explores more choral music with her well-known choir \u201cChromas\u201d, and she frequently gets invited as guest conductor by many other choirs and leading ateliers, where she shares her proficiency and her unique style.<\/p>","protected":false},"excerpt":{"rendered":"<p>After finishing her master in Philosophy of Music at Bo\u011fazi\u00e7i University in Istanbul, she is currently reading for her second master\u2019s degree [&hellip;]<\/p>\n","protected":false},"featured_media":1197,"template":"","meta":{"_acf_changed":false,"_links_to":"","_links_to_target":""},"categories":[26],"tags":[],"class_list":["post-1209","atelierleiter","type-atelierleiter","status-publish","has-post-thumbnail","hentry","category-26"],"acf":[],"_links":{"self":[{"href":"https:\/\/www.eurotreff-amj.de\/en\/wp-json\/wp\/v2\/atelierleiter\/1209","targetHints":{"allow":["GET"]}}],"collection":[{"href":"https:\/\/www.eurotreff-amj.de\/en\/wp-json\/wp\/v2\/atelierleiter"}],"about":[{"href":"https:\/\/www.eurotreff-amj.de\/en\/wp-json\/wp\/v2\/types\/atelierleiter"}],"wp:featuredmedia":[{"embeddable":true,"href":"https:\/\/www.eurotreff-amj.de\/en\/wp-json\/wp\/v2\/media\/1197"}],"wp:attachment":[{"href":"https:\/\/www.eurotreff-amj.de\/en\/wp-json\/wp\/v2\/media?parent=1209"}],"wp:term":[{"taxonomy":"category","embeddable":true,"href":"https:\/\/www.eurotreff-amj.de\/en\/wp-json\/wp\/v2\/categories?post=1209"},{"taxonomy":"post_tag","embeddable":true,"href":"https:\/\/www.eurotreff-amj.de\/en\/wp-json\/wp\/v2\/tags?post=1209"}],"curies":[{"name":"wp","href":"https:\/\/api.w.org\/{rel}","templated":true}]}}

Başak Doğan

<p>After finishing her master in Philosophy of Music at Boğaziçi University in Istanbul, she is currently reading for her second master’s degree in Rhythmic Choral Conducting at the Royal Academy of Music, Denmark. Here she combined her passion for pop &amp; jazz music with her deep interest in folk music and created a unique way of leading choirs. As a versatile conductor she appears at numerous choral events, leading singers from all age groups. She won many prizes globally while conducting the Boğaziçi University Jazz Choir. Her enthusiasm for expressing her own cultural background in music and for bringing the choral world together made her known as a pioneer of rhythmic choral music. Today she explores more choral music with her well-known choir “Chromas”, and she frequently gets invited as guest conductor by many other choirs and leading ateliers, where she shares her proficiency and her unique style.</p>

<p>After finishing her master in Philosophy of Music at Boğaziçi University in Istanbul, she is currently reading for her second master’s degree [&hellip;]</p>
