{"id":1376,"date":"2019-03-19T17:20:13","date_gmt":"2019-03-19T16:20:13","guid":{"rendered":"http:\/\/www.eurotreff.amj-musik.de\/?post_type=chor&#038;p=1376"},"modified":"2025-07-22T16:37:47","modified_gmt":"2025-07-22T14:37:47","slug":"goettinger-knabenchor-2","status":"publish","type":"chor","link":"https:\/\/www.eurotreff-amj.de\/en\/chor\/goettinger-knabenchor-2\/","title":{"rendered":"G\u00f6ttingen Boys Choir"},"content":{"rendered":"<p>Back in the 1960s and 1970s, the G\u00f6ttingen Boys&#8217; Choir made a name for itself far beyond the borders of G\u00f6ttingen under its founder Franz Herzog. Under professional direction, around 60 singers aged between 9 and 25 dedicate themselves to challenging choral music from all eras of music history &#8211; from a cappella works to arrangements of folk songs and pop songs to choral symphonic projects. The choir regularly takes part in the oratorios at the &#8220;G\u00f6ttinger H\u00e4ndelfestspiele&#8221;. Michael Krause has been the conductor of the choir since 2003. Concert tours have taken the choir to Japan, South Africa and the USA, among other places. The musical legacy of its founder Franz Herzog is of particular importance. The choir is sponsored by the city of G\u00f6ttingen and the state of Lower Saxony, among others.<\/p>","protected":false},"excerpt":{"rendered":"<p>Back in the 1960s and 1970s, the G\u00f6ttingen Boys&#8217; Choir made a name for itself far beyond the borders of G\u00f6ttingen under [&hellip;]<\/p>\n","protected":false},"featured_media":1367,"template":"","meta":{"_acf_changed":false,"_links_to":"","_links_to_target":""},"categories":[26,44],"tags":[],"class_list":["post-1376","chor","type-chor","status-publish","has-post-thumbnail","hentry","category-26","category-44"],"acf":[],"_links":{"self":[{"href":"https:\/\/www.eurotreff-amj.de\/en\/wp-json\/wp\/v2\/chor\/1376","targetHints":{"allow":["GET"]}}],"collection":[{"href":"https:\/\/www.eurotreff-amj.de\/en\/wp-json\/wp\/v2\/chor"}],"about":[{"href":"https:\/\/www.eurotreff-amj.de\/en\/wp-json\/wp\/v2\/types\/chor"}],"wp:featuredmedia":[{"embeddable":true,"href":"https:\/\/www.eurotreff-amj.de\/en\/wp-json\/wp\/v2\/media\/1367"}],"wp:attachment":[{"href":"https:\/\/www.eurotreff-amj.de\/en\/wp-json\/wp\/v2\/media?parent=1376"}],"wp:term":[{"taxonomy":"category","embeddable":true,"href":"https:\/\/www.eurotreff-amj.de\/en\/wp-json\/wp\/v2\/categories?post=1376"},{"taxonomy":"post_tag","embeddable":true,"href":"https:\/\/www.eurotreff-amj.de\/en\/wp-json\/wp\/v2\/tags?post=1376"}],"curies":[{"name":"wp","href":"https:\/\/api.w.org\/{rel}","templated":true}]}}

Göttingen Boys Choir

<p>Back in the 1960s and 1970s, the Göttingen Boys&#8217; Choir made a name for itself far beyond the borders of Göttingen under its founder Franz Herzog. Under professional direction, around 60 singers aged between 9 and 25 dedicate themselves to challenging choral music from all eras of music history &#8211; from a cappella works to arrangements of folk songs and pop songs to choral symphonic projects. The choir regularly takes part in the oratorios at the &#8220;Göttinger Händelfestspiele&#8221;. Michael Krause has been the conductor of the choir since 2003. Concert tours have taken the choir to Japan, South Africa and the USA, among other places. The musical legacy of its founder Franz Herzog is of particular importance. The choir is sponsored by the city of Göttingen and the state of Lower Saxony, among others.</p>

<p>Back in the 1960s and 1970s, the Göttingen Boys&#8217; Choir made a name for itself far beyond the borders of Göttingen under [&hellip;]</p>
