{"id":1380,"date":"2019-03-19T17:20:13","date_gmt":"2019-03-19T16:20:13","guid":{"rendered":"http:\/\/www.eurotreff.amj-musik.de\/?post_type=chor&#038;p=1380"},"modified":"2019-03-26T17:57:40","modified_gmt":"2019-03-26T16:57:40","slug":"amics-de-la-unio","status":"publish","type":"chor","link":"https:\/\/www.eurotreff-amj.de\/en\/chor\/amics-de-la-unio\/","title":{"rendered":"Amics de la Uni\u00f3"},"content":{"rendered":"<p>The Youth Choir Amics de la Uni\u00f3, conducted by Marta Dosaiguas, was founded in 2005 and consists of 25 young singers aged between 16 and 22. The Cor Jove Amics de la Uni\u00f3 has a varied repertoire but devotes special attention to modern and popular music. In 2017, Cor Jove Amics de la Uni\u00f3 premi\u00e8red &#8220;Sons del Mercat&#8221; &#8211; market sounds &#8211; at the EUROTREFF in Wolfenb\u00fcttel. The choir works every season to provide a minimum of two productions.<\/p>","protected":false},"excerpt":{"rendered":"<p>The Youth Choir Amics de la Uni\u00f3, conducted by Marta Dosaiguas, was founded in 2005 and consists of 25 young singers aged [&hellip;]<\/p>\n","protected":false},"featured_media":1361,"template":"","meta":{"_acf_changed":false,"_links_to":"","_links_to_target":""},"categories":[26],"tags":[],"class_list":["post-1380","chor","type-chor","status-publish","has-post-thumbnail","hentry","category-26"],"acf":[],"_links":{"self":[{"href":"https:\/\/www.eurotreff-amj.de\/en\/wp-json\/wp\/v2\/chor\/1380","targetHints":{"allow":["GET"]}}],"collection":[{"href":"https:\/\/www.eurotreff-amj.de\/en\/wp-json\/wp\/v2\/chor"}],"about":[{"href":"https:\/\/www.eurotreff-amj.de\/en\/wp-json\/wp\/v2\/types\/chor"}],"wp:featuredmedia":[{"embeddable":true,"href":"https:\/\/www.eurotreff-amj.de\/en\/wp-json\/wp\/v2\/media\/1361"}],"wp:attachment":[{"href":"https:\/\/www.eurotreff-amj.de\/en\/wp-json\/wp\/v2\/media?parent=1380"}],"wp:term":[{"taxonomy":"category","embeddable":true,"href":"https:\/\/www.eurotreff-amj.de\/en\/wp-json\/wp\/v2\/categories?post=1380"},{"taxonomy":"post_tag","embeddable":true,"href":"https:\/\/www.eurotreff-amj.de\/en\/wp-json\/wp\/v2\/tags?post=1380"}],"curies":[{"name":"wp","href":"https:\/\/api.w.org\/{rel}","templated":true}]}}

Amics de la Unió

<p>The Youth Choir Amics de la Unió, conducted by Marta Dosaiguas, was founded in 2005 and consists of 25 young singers aged between 16 and 22. The Cor Jove Amics de la Unió has a varied repertoire but devotes special attention to modern and popular music. In 2017, Cor Jove Amics de la Unió premièred &#8220;Sons del Mercat&#8221; &#8211; market sounds &#8211; at the EUROTREFF in Wolfenbüttel. The choir works every season to provide a minimum of two productions.</p>

<p>The Youth Choir Amics de la Unió, conducted by Marta Dosaiguas, was founded in 2005 and consists of 25 young singers aged [&hellip;]</p>
