{"id":2726,"date":"2023-04-12T21:48:50","date_gmt":"2023-04-12T19:48:50","guid":{"rendered":"https:\/\/www.eurotreff-amj.de\/?post_type=chor&#038;p=2726"},"modified":"2023-07-20T15:58:30","modified_gmt":"2023-07-20T13:58:30","slug":"gradualekor-langholtskirkju","status":"publish","type":"chor","link":"https:\/\/www.eurotreff-amj.de\/en\/chor\/gradualekor-langholtskirkju\/","title":{"rendered":"Gradualek\u00f3r Langholtskirkju"},"content":{"rendered":"<p>The Gradualek\u00f3r Langholtskirkju (Graduale Choir) is a youth choir for girls aged 12-18, conducted by Sunna Karen Einarsd\u00f3ttir. The choir sings a diverse repertoire, pop songs, contemporary music, sacred music and everything in between. The group is a part the choir school of Langholtskirkja, founded 1991 by J\u00f3n Stef\u00e1nsson. The main goal of the school is to teach ensemble singing, music theory and singing technique. The Graduale Choir has sung in international competitions with good success and has been awarded prizes several times. It has performed in many countries around Europe and in Canada. Recent projects include a performance at Iceland Opera Days in the autumn of 2021, Disney\u2019s Pentatonix special \u201cAround the World for the Holidays\u201d and a concert with one of Iceland\u2019s most beloved pop icons, Ragga G\u00edsla. The choir also regularly works with the Icelandic Symphony Orchestra.<\/p>","protected":false},"excerpt":{"rendered":"<p>The Gradualek\u00f3r Langholtskirkju (Graduale Choir) is a youth choir for girls aged 12-18, conducted by Sunna Karen Einarsd\u00f3ttir. The choir sings a [&hellip;]<\/p>\n","protected":false},"featured_media":2705,"template":"","meta":{"_acf_changed":false,"_links_to":"","_links_to_target":""},"categories":[42],"tags":[],"class_list":["post-2726","chor","type-chor","status-publish","has-post-thumbnail","hentry","category-42"],"acf":[],"_links":{"self":[{"href":"https:\/\/www.eurotreff-amj.de\/en\/wp-json\/wp\/v2\/chor\/2726","targetHints":{"allow":["GET"]}}],"collection":[{"href":"https:\/\/www.eurotreff-amj.de\/en\/wp-json\/wp\/v2\/chor"}],"about":[{"href":"https:\/\/www.eurotreff-amj.de\/en\/wp-json\/wp\/v2\/types\/chor"}],"wp:featuredmedia":[{"embeddable":true,"href":"https:\/\/www.eurotreff-amj.de\/en\/wp-json\/wp\/v2\/media\/2705"}],"wp:attachment":[{"href":"https:\/\/www.eurotreff-amj.de\/en\/wp-json\/wp\/v2\/media?parent=2726"}],"wp:term":[{"taxonomy":"category","embeddable":true,"href":"https:\/\/www.eurotreff-amj.de\/en\/wp-json\/wp\/v2\/categories?post=2726"},{"taxonomy":"post_tag","embeddable":true,"href":"https:\/\/www.eurotreff-amj.de\/en\/wp-json\/wp\/v2\/tags?post=2726"}],"curies":[{"name":"wp","href":"https:\/\/api.w.org\/{rel}","templated":true}]}}

Gradualekór Langholtskirkju

<p>The Gradualekór Langholtskirkju (Graduale Choir) is a youth choir for girls aged 12-18, conducted by Sunna Karen Einarsdóttir. The choir sings a diverse repertoire, pop songs, contemporary music, sacred music and everything in between. The group is a part the choir school of Langholtskirkja, founded 1991 by Jón Stefánsson. The main goal of the school is to teach ensemble singing, music theory and singing technique. The Graduale Choir has sung in international competitions with good success and has been awarded prizes several times. It has performed in many countries around Europe and in Canada. Recent projects include a performance at Iceland Opera Days in the autumn of 2021, Disney’s Pentatonix special “Around the World for the Holidays” and a concert with one of Iceland’s most beloved pop icons, Ragga Gísla. The choir also regularly works with the Icelandic Symphony Orchestra.</p>

<p>The Gradualekór Langholtskirkju (Graduale Choir) is a youth choir for girls aged 12-18, conducted by Sunna Karen Einarsdóttir. The choir sings a [&hellip;]</p>
