{"id":1143,"date":"2018-02-28T12:10:26","date_gmt":"2018-02-28T11:10:26","guid":{"rendered":"http:\/\/www.eurotreff.amj-musik.de\/?post_type=festivalarchiv&#038;p=1143"},"modified":"2018-04-16T15:57:27","modified_gmt":"2018-04-16T13:57:27","slug":"eurotreff-2015","status":"publish","type":"festivalarchiv","link":"https:\/\/www.eurotreff-amj.de\/en\/festivalarchiv\/eurotreff-2015\/","title":{"rendered":"EUROTREFF 2015"},"content":{"rendered":"<div id=\"pl-1143\"  class=\"panel-layout\" ><div id=\"pg-1143-0\"  class=\"panel-grid panel-has-style\" ><div style=\"padding: 100px 0; \" data-overlay=\"true\" class=\"panel-row-style panel-row-style-for-1143-0\" ><div id=\"pgc-1143-0-0\"  class=\"panel-grid-cell\" ><div id=\"panel-1143-0-0-0\" class=\"so-panel widget widget_sow-editor panel-first-child\" data-index=\"0\" ><div style=\"text-align: left;\" data-title-color=\"#443f3f\" data-headings-color=\"#443f3f\" class=\"panel-widget-style panel-widget-style-for-1143-0-0-0\" ><div\n\t\t\t\n\t\t\tclass=\"so-widget-sow-editor so-widget-sow-editor-base\"\n\t\t\t\n\t\t>\n<div class=\"siteorigin-widget-tinymce textwidget\">\n\t<h3>\u201eKl\u00e4nge der Stadt | Sounds of the City\u201c<\/h3>\n<p>The city is a place of music: Hustle and bustle of people and noise of traffic and machines merge with singing birds in parks or swooshing rivers. Cities all over the world have their own rhythm and their own soundscape. They attract humans and create a space for cultural diversity. The sounds of the city fascinate composers and are reflected in music pieces. At EUROTREFF 2015 we search for the sounds of the city and make the city sound.<\/p>\n<p>&nbsp;<\/p>\n<h4>Choirs and Ateliers<\/h4>\n<p><span class=\"tag\">Atelier Children's Choir<\/span><\/p>\n<p><strong>Sanna Valvanne (Finland\/USA)<\/strong><br \/>\nChildren's and Girls Choir April (Russia)<br \/>\nChildren's and Youth Choir Belcanto Braunschweig (Germany)<br \/>\nChildren's Choir Augustana (Germany)<\/p>\n<p>&nbsp;<\/p>\n<p><span class=\"tag\">Atelier Children's Choir<\/span><\/p>\n<p><strong>C\u00e9cile Mathevet-Bouchet (France)<\/strong><br \/>\nChildren's Choir Ss. Cyril & Methodios (Greece)<br \/>\nChildren's Choir Auersperg-Gymnasium Passau (Germany)<\/p>\n<p>&nbsp;<\/p>\n<p><span class=\"tag\">Atelier Children's Choir<\/span><\/p>\n<p><strong>Hans de Gilde (Netherlands)<\/strong><br \/>\nChildren's Choir Vivat Musica (Ukraine)<br \/>\nChristophorus Children's Choir Altensteig (Germany)<\/p>\n<p>&nbsp;<\/p>\n<p><span class=\"tag\">Atelier Girls Choir<\/span><\/p>\n<p><strong>Alicja Szeluga (Poland)<\/strong><br \/>\nChildren's Choir Dobri Hristov (Bulgaria)<br \/>\nSchedrik Choir (Germany)<\/p>\n<p>&nbsp;<\/p>\n<p><span class=\"tag\">Atelier Girls Choir<\/span><\/p>\n<p><strong>Raimund Wippermann (Germany)<\/strong><br \/>\nRiga Cathedral Girls Choir (Latvia)<br \/>\nGirls Choir Cantabile (Poland)<br \/>\nYouth Choir St. Aegidien L\u00fcbeck (Germany)<\/p>\n<p>&nbsp;<\/p>\n<p><span class=\"tag\">Atelier Mixed Youth Choir<\/span><\/p>\n<p><strong>Franz M. Herzog (Austria)<\/strong><br \/>\nYouth Choir Mitte-Riinimanda (Estonia)<br \/>\nChamber choir Svetoch (Belarus)<br \/>\nYouth Choir Herzog Ernst Grammar School Uelzen (Germany)<\/p>\n<p>&nbsp;<\/p>\n<p><span class=\"tag\">Atelier Mixed Youth Choir<\/span><\/p>\n<p><strong>Ron-Dirk Entleutner (Germany)<\/strong><br \/>\nBo\u011fazi\u00e7i University Classical Choir (Turkey)<br \/>\n\u0141\u00f3d\u017a Youth Choir Stanis\u0142aw-Moniuszko-Musikschule (Poland)<br \/>\nChoir Tellkampfschule Hannover (Germany)<br \/>\nSchaumburg Youth Choir (Germany)<\/p>\n<\/div>\n<\/div><\/div><\/div><div id=\"panel-1143-0-0-1\" class=\"so-panel widget widget_sow-button panel-last-child\" data-index=\"1\" ><div class=\"button-et panel-widget-style panel-widget-style-for-1143-0-0-1\" style=\"text-align: left;\" data-title-color=\"#443f3f\" data-headings-color=\"#443f3f\" ><div\n\t\t\t\n\t\t\tclass=\"so-widget-sow-button so-widget-sow-button-flat-7359f5fc84aa-1143\"\n\t\t\t\n\t\t><div class=\"ow-button-base ow-button-align-left\"\n>\n\t\t\t<a\n\t\t\t\t\thref=\"\/eurotreff-2015\"\n\t\t\t\t\tclass=\"sowb-button ow-icon-placement-left ow-button-hover\" \t>\n\t\t<span>\n\t\t\t<span class=\"sow-icon-fontawesome sow-fas\" data-sow-icon=\"&#xf03e;\"\n\t\tstyle=\"\" \n\t\taria-hidden=\"true\"><\/span>\n\t\t\tImpressions\t\t<\/span>\n\t\t\t<\/a>\n\t<\/div>\n<\/div><\/div><\/div><\/div><\/div><\/div><\/div>","protected":false},"excerpt":{"rendered":"<p>\u201eKl\u00e4nge der Stadt | Sounds of the City\u201c The city is a place of music: Hustle and bustle of people and noise [&hellip;]<\/p>\n","protected":false},"featured_media":642,"template":"","meta":{"_acf_changed":false,"_links_to":"","_links_to_target":""},"categories":[25],"tags":[],"class_list":["post-1143","festivalarchiv","type-festivalarchiv","status-publish","has-post-thumbnail","hentry","category-25"],"acf":[],"_links":{"self":[{"href":"https:\/\/www.eurotreff-amj.de\/en\/wp-json\/wp\/v2\/festivalarchiv\/1143","targetHints":{"allow":["GET"]}}],"collection":[{"href":"https:\/\/www.eurotreff-amj.de\/en\/wp-json\/wp\/v2\/festivalarchiv"}],"about":[{"href":"https:\/\/www.eurotreff-amj.de\/en\/wp-json\/wp\/v2\/types\/festivalarchiv"}],"version-history":[{"count":1,"href":"https:\/\/www.eurotreff-amj.de\/en\/wp-json\/wp\/v2\/festivalarchiv\/1143\/revisions"}],"predecessor-version":[{"id":1144,"href":"https:\/\/www.eurotreff-amj.de\/en\/wp-json\/wp\/v2\/festivalarchiv\/1143\/revisions\/1144"}],"wp:featuredmedia":[{"embeddable":true,"href":"https:\/\/www.eurotreff-amj.de\/en\/wp-json\/wp\/v2\/media\/642"}],"wp:attachment":[{"href":"https:\/\/www.eurotreff-amj.de\/en\/wp-json\/wp\/v2\/media?parent=1143"}],"wp:term":[{"taxonomy":"category","embeddable":true,"href":"https:\/\/www.eurotreff-amj.de\/en\/wp-json\/wp\/v2\/categories?post=1143"},{"taxonomy":"post_tag","embeddable":true,"href":"https:\/\/www.eurotreff-amj.de\/en\/wp-json\/wp\/v2\/tags?post=1143"}],"curies":[{"name":"wp","href":"https:\/\/api.w.org\/{rel}","templated":true}]}}

<div id="pl-1143"  class="panel-layout" ><div id="pg-1143-0"  class="panel-grid panel-has-style" ><div style="padding: 100px 0; " data-overlay="true" class="panel-row-style panel-row-style-for-1143-0" ><div id="pgc-1143-0-0"  class="panel-grid-cell" ><div id="panel-1143-0-0-0" class="so-panel widget widget_sow-editor panel-first-child" data-index="0" ><div style="text-align: left;" data-title-color="#443f3f" data-headings-color="#443f3f" class="panel-widget-style panel-widget-style-for-1143-0-0-0" ><div
			
			class="so-widget-sow-editor so-widget-sow-editor-base"
			
		>
<div class="siteorigin-widget-tinymce textwidget">
	<h3>„Klänge der Stadt | Sounds of the City“</h3>
<p>The city is a place of music: Hustle and bustle of people and noise of traffic and machines merge with singing birds in parks or swooshing rivers. Cities all over the world have their own rhythm and their own soundscape. They attract humans and create a space for cultural diversity. The sounds of the city fascinate composers and are reflected in music pieces. At EUROTREFF 2015 we search for the sounds of the city and make the city sound.</p>
<p>&nbsp;</p>
<h4>Choirs and Ateliers</h4>
<p><span class="tag">Atelier Children's Choir</span></p>
<p><strong>Sanna Valvanne (Finland/USA)</strong><br />
Children's and Girls Choir April (Russia)<br />
Children's and Youth Choir Belcanto Braunschweig (Germany)<br />
Children's Choir Augustana (Germany)</p>
<p>&nbsp;</p>
<p><span class="tag">Atelier Children's Choir</span></p>
<p><strong>Cécile Mathevet-Bouchet (France)</strong><br />
Children's Choir Ss. Cyril & Methodios (Greece)<br />
Children's Choir Auersperg-Gymnasium Passau (Germany)</p>
<p>&nbsp;</p>
<p><span class="tag">Atelier Children's Choir</span></p>
<p><strong>Hans de Gilde (Netherlands)</strong><br />
Children's Choir Vivat Musica (Ukraine)<br />
Christophorus Children's Choir Altensteig (Germany)</p>
<p>&nbsp;</p>
<p><span class="tag">Atelier Girls Choir</span></p>
<p><strong>Alicja Szeluga (Poland)</strong><br />
Children's Choir Dobri Hristov (Bulgaria)<br />
Schedrik Choir (Germany)</p>
<p>&nbsp;</p>
<p><span class="tag">Atelier Girls Choir</span></p>
<p><strong>Raimund Wippermann (Germany)</strong><br />
Riga Cathedral Girls Choir (Latvia)<br />
Girls Choir Cantabile (Poland)<br />
Youth Choir St. Aegidien Lübeck (Germany)</p>
<p>&nbsp;</p>
<p><span class="tag">Atelier Mixed Youth Choir</span></p>
<p><strong>Franz M. Herzog (Austria)</strong><br />
Youth Choir Mitte-Riinimanda (Estonia)<br />
Chamber choir Svetoch (Belarus)<br />
Youth Choir Herzog Ernst Grammar School Uelzen (Germany)</p>
<p>&nbsp;</p>
<p><span class="tag">Atelier Mixed Youth Choir</span></p>
<p><strong>Ron-Dirk Entleutner (Germany)</strong><br />
Boğaziçi University Classical Choir (Turkey)<br />
Łódź Youth Choir Stanisław-Moniuszko-Musikschule (Poland)<br />
Choir Tellkampfschule Hannover (Germany)<br />
Schaumburg Youth Choir (Germany)</p>
</div>
</div></div></div><div id="panel-1143-0-0-1" class="so-panel widget widget_sow-button panel-last-child" data-index="1" ><div class="button-et panel-widget-style panel-widget-style-for-1143-0-0-1" style="text-align: left;" data-title-color="#443f3f" data-headings-color="#443f3f" ><div
			
			class="so-widget-sow-button so-widget-sow-button-flat-7359f5fc84aa-1143"
			
		><div class="ow-button-base ow-button-align-left"
>
			<a
					href="/eurotreff-2015"
					class="sowb-button ow-icon-placement-left ow-button-hover" 	>
		<span>
			<span class="sow-icon-fontawesome sow-fas" data-sow-icon="&#xf03e;"
		style="" 
		aria-hidden="true"></span>
			Impressions		</span>
			</a>
	</div>
</div></div></div></div></div></div></div>

<p>„Klänge der Stadt | Sounds of the City“ The city is a place of music: Hustle and bustle of people and noise [&hellip;]</p>
